{"id":9,"date":"2025-11-14T08:32:21","date_gmt":"2025-11-14T07:32:21","guid":{"rendered":"https:\/\/techdeco-tarbes.fr\/2025\/PLESANT\/?page_id=9"},"modified":"2026-02-17T14:25:28","modified_gmt":"2026-02-17T13:25:28","slug":"accueil","status":"publish","type":"page","link":"https:\/\/techdeco-tarbes.fr\/2025\/PLESANT\/","title":{"rendered":"Accueil"},"content":{"rendered":"\t\t<div data-elementor-type=\"wp-page\" data-elementor-id=\"9\" class=\"elementor elementor-9\">\n\t\t\t\t<div class=\"elementor-element elementor-element-34c96a5 e-flex e-con-boxed wpr-particle-no wpr-jarallax-no wpr-parallax-no wpr-sticky-section-no e-con e-parent\" data-id=\"34c96a5\" data-element_type=\"container\">\n\t\t\t\t\t<div class=\"e-con-inner\">\n\t\t\t\t<div class=\"elementor-element elementor-element-d6e18b2 elementor-widget elementor-widget-heading\" data-id=\"d6e18b2\" data-element_type=\"widget\" data-widget_type=\"heading.default\">\n\t\t\t\t\t<h2 class=\"elementor-heading-title elementor-size-default\">Venez en d\u00e9couvrir plus sur moi \u00e0 travers mon portfolio<\/h2>\t\t\t\t<\/div>\n\t\t\t\t\t<\/div>\n\t\t\t\t<\/div>\n\t\t<div class=\"elementor-element elementor-element-9164a29 e-flex e-con-boxed wpr-particle-no wpr-jarallax-no wpr-parallax-no wpr-sticky-section-no e-con e-parent\" data-id=\"9164a29\" data-element_type=\"container\" data-settings=\"{&quot;background_background&quot;:&quot;classic&quot;}\">\n\t\t\t\t\t<div class=\"e-con-inner\">\n\t\t<div class=\"elementor-element elementor-element-a1497cc e-con-full e-flex wpr-particle-no wpr-jarallax-no wpr-parallax-no wpr-sticky-section-no e-con e-child\" data-id=\"a1497cc\" data-element_type=\"container\">\n\t\t\t\t<div class=\"elementor-element elementor-element-ea44f02 elementor-widget elementor-widget-heading\" data-id=\"ea44f02\" data-element_type=\"widget\" data-widget_type=\"heading.default\">\n\t\t\t\t\t<h2 class=\"elementor-heading-title elementor-size-default\">Tyara Plesant<\/h2>\t\t\t\t<\/div>\n\t\t\t\t<div class=\"elementor-element elementor-element-41bb705 elementor-widget elementor-widget-text-editor\" data-id=\"41bb705\" data-element_type=\"widget\" data-widget_type=\"text-editor.default\">\n\t\t\t\t\t\t\t\t\t<p>Curieuse, motiv\u00e9e et rigoureuse, je vous invite \u00e0 d\u00e9couvrir mon parcours et mes exp\u00e9riences \u00e0 travers ce site. Je suis actuellement en troisi\u00e8me ann\u00e9e de BUT Techniques de Commercialisation, sp\u00e9cialit\u00e9 Business International, avec un fort int\u00e9r\u00eat pour la relation client et les projets \u00e0 dimension internationale<\/p>\t\t\t\t\t\t\t\t<\/div>\n\t\t\t\t<div class=\"elementor-element elementor-element-f3e3964 elementor-align-center elementor-widget elementor-widget-button\" data-id=\"f3e3964\" data-element_type=\"widget\" data-widget_type=\"button.default\">\n\t\t\t\t\t\t\t\t\t\t<a class=\"elementor-button elementor-button-link elementor-size-sm\" href=\"#\">\n\t\t\t\t\t\t<span class=\"elementor-button-content-wrapper\">\n\t\t\t\t\t\t\t\t\t<span class=\"elementor-button-text\">Qui suis-je ? <\/span>\n\t\t\t\t\t<\/span>\n\t\t\t\t\t<\/a>\n\t\t\t\t\t\t\t\t<\/div>\n\t\t\t\t<\/div>\n\t\t<div class=\"elementor-element elementor-element-67827dd e-con-full e-flex wpr-particle-no wpr-jarallax-no wpr-parallax-no wpr-sticky-section-no e-con e-child\" data-id=\"67827dd\" data-element_type=\"container\">\n\t\t\t\t<div class=\"elementor-element elementor-element-065aec3 elementor-widget elementor-widget-image\" data-id=\"065aec3\" data-element_type=\"widget\" data-widget_type=\"image.default\">\n\t\t\t\t\t\t\t\t\t\t\t\t\t\t\t<img fetchpriority=\"high\" decoding=\"async\" width=\"772\" height=\"756\" src=\"https:\/\/techdeco-tarbes.fr\/2025\/PLESANT\/wp-content\/uploads\/2025\/12\/IMG_449C62D09554-1.jpeg\" class=\"attachment-large size-large wp-image-67\" alt=\"\" srcset=\"https:\/\/techdeco-tarbes.fr\/2025\/PLESANT\/wp-content\/uploads\/2025\/12\/IMG_449C62D09554-1.jpeg 772w, https:\/\/techdeco-tarbes.fr\/2025\/PLESANT\/wp-content\/uploads\/2025\/12\/IMG_449C62D09554-1-300x294.jpeg 300w, https:\/\/techdeco-tarbes.fr\/2025\/PLESANT\/wp-content\/uploads\/2025\/12\/IMG_449C62D09554-1-768x752.jpeg 768w\" sizes=\"(max-width: 772px) 100vw, 772px\" \/>\t\t\t\t\t\t\t\t\t\t\t\t\t\t\t<\/div>\n\t\t\t\t<\/div>\n\t\t\t\t\t<\/div>\n\t\t\t\t<\/div>\n\t\t<div class=\"elementor-element elementor-element-f95b8cf e-flex e-con-boxed wpr-particle-no wpr-jarallax-no wpr-parallax-no wpr-sticky-section-no e-con e-parent\" data-id=\"f95b8cf\" data-element_type=\"container\" data-settings=\"{&quot;background_background&quot;:&quot;classic&quot;}\">\n\t\t\t\t\t<div class=\"e-con-inner\">\n\t\t\t\t<div class=\"elementor-element elementor-element-75839f8 elementor-widget elementor-widget-heading\" data-id=\"75839f8\" data-element_type=\"widget\" data-widget_type=\"heading.default\">\n\t\t\t\t\t<h2 class=\"elementor-heading-title elementor-size-default\">Mes centres d'int\u00e9r\u00eats<\/h2>\t\t\t\t<\/div>\n\t\t\t\t\t<\/div>\n\t\t\t\t<\/div>\n\t\t<div class=\"elementor-element elementor-element-dce4401 e-flex e-con-boxed wpr-particle-no wpr-jarallax-no wpr-parallax-no wpr-sticky-section-no e-con e-parent\" data-id=\"dce4401\" data-element_type=\"container\" data-settings=\"{&quot;background_background&quot;:&quot;classic&quot;}\">\n\t\t\t\t\t<div class=\"e-con-inner\">\n\t\t<div class=\"elementor-element elementor-element-016dfd4 e-con-full e-flex wpr-particle-no wpr-jarallax-no wpr-parallax-no wpr-sticky-section-no e-con e-child\" data-id=\"016dfd4\" data-element_type=\"container\">\n\t\t\t\t<div class=\"elementor-element elementor-element-9eed866 elementor-widget elementor-widget-image\" data-id=\"9eed866\" data-element_type=\"widget\" data-widget_type=\"image.default\">\n\t\t\t\t\t\t\t\t\t\t\t\t\t\t\t<img decoding=\"async\" width=\"770\" height=\"844\" src=\"https:\/\/techdeco-tarbes.fr\/2025\/PLESANT\/wp-content\/uploads\/2025\/12\/voyages.jpg\" class=\"attachment-large size-large wp-image-116\" alt=\"\" srcset=\"https:\/\/techdeco-tarbes.fr\/2025\/PLESANT\/wp-content\/uploads\/2025\/12\/voyages.jpg 770w, https:\/\/techdeco-tarbes.fr\/2025\/PLESANT\/wp-content\/uploads\/2025\/12\/voyages-274x300.jpg 274w, https:\/\/techdeco-tarbes.fr\/2025\/PLESANT\/wp-content\/uploads\/2025\/12\/voyages-768x842.jpg 768w\" sizes=\"(max-width: 770px) 100vw, 770px\" \/>\t\t\t\t\t\t\t\t\t\t\t\t\t\t\t<\/div>\n\t\t\t\t<div class=\"elementor-element elementor-element-bbe7ea6 elementor-widget elementor-widget-heading\" data-id=\"bbe7ea6\" data-element_type=\"widget\" data-widget_type=\"heading.default\">\n\t\t\t\t\t<h2 class=\"elementor-heading-title elementor-size-default\">Les voyages<\/h2>\t\t\t\t<\/div>\n\t\t\t\t<\/div>\n\t\t<div class=\"elementor-element elementor-element-9da0d89 e-con-full e-flex wpr-particle-no wpr-jarallax-no wpr-parallax-no wpr-sticky-section-no e-con e-child\" data-id=\"9da0d89\" data-element_type=\"container\">\n\t\t\t\t<div class=\"elementor-element elementor-element-d4fbcb4 elementor-widget elementor-widget-image\" data-id=\"d4fbcb4\" data-element_type=\"widget\" data-widget_type=\"image.default\">\n\t\t\t\t\t\t\t\t\t\t\t\t\t\t\t<img decoding=\"async\" width=\"772\" height=\"568\" src=\"https:\/\/techdeco-tarbes.fr\/2025\/PLESANT\/wp-content\/uploads\/2025\/12\/F1.jpg\" class=\"attachment-large size-large wp-image-117\" alt=\"\" srcset=\"https:\/\/techdeco-tarbes.fr\/2025\/PLESANT\/wp-content\/uploads\/2025\/12\/F1.jpg 772w, https:\/\/techdeco-tarbes.fr\/2025\/PLESANT\/wp-content\/uploads\/2025\/12\/F1-300x221.jpg 300w, https:\/\/techdeco-tarbes.fr\/2025\/PLESANT\/wp-content\/uploads\/2025\/12\/F1-768x565.jpg 768w\" sizes=\"(max-width: 772px) 100vw, 772px\" \/>\t\t\t\t\t\t\t\t\t\t\t\t\t\t\t<\/div>\n\t\t\t\t<div class=\"elementor-element elementor-element-4b174a7 elementor-widget elementor-widget-heading\" data-id=\"4b174a7\" data-element_type=\"widget\" data-widget_type=\"heading.default\">\n\t\t\t\t\t<h2 class=\"elementor-heading-title elementor-size-default\">Le sport automobile<\/h2>\t\t\t\t<\/div>\n\t\t\t\t<\/div>\n\t\t<div class=\"elementor-element elementor-element-9d62237 e-con-full e-flex wpr-particle-no wpr-jarallax-no wpr-parallax-no wpr-sticky-section-no e-con e-child\" data-id=\"9d62237\" data-element_type=\"container\">\n\t\t\t\t<div class=\"elementor-element elementor-element-140f4f7 elementor-widget elementor-widget-image\" data-id=\"140f4f7\" data-element_type=\"widget\" data-widget_type=\"image.default\">\n\t\t\t\t\t\t\t\t\t\t\t\t\t\t\t<img loading=\"lazy\" decoding=\"async\" width=\"275\" height=\"183\" src=\"https:\/\/techdeco-tarbes.fr\/2025\/PLESANT\/wp-content\/uploads\/2025\/12\/Sans-titre-2.jpg\" class=\"attachment-large size-large wp-image-208\" alt=\"\" \/>\t\t\t\t\t\t\t\t\t\t\t\t\t\t\t<\/div>\n\t\t\t\t<div class=\"elementor-element elementor-element-cf65250 elementor-widget elementor-widget-heading\" data-id=\"cf65250\" data-element_type=\"widget\" data-widget_type=\"heading.default\">\n\t\t\t\t\t<h2 class=\"elementor-heading-title elementor-size-default\">La gymnastique<\/h2>\t\t\t\t<\/div>\n\t\t\t\t<\/div>\n\t\t\t\t\t<\/div>\n\t\t\t\t<\/div>\n\t\t<div class=\"elementor-element elementor-element-a378057 e-flex e-con-boxed wpr-particle-no wpr-jarallax-no wpr-parallax-no wpr-sticky-section-no e-con e-parent\" data-id=\"a378057\" data-element_type=\"container\" data-settings=\"{&quot;background_background&quot;:&quot;classic&quot;}\">\n\t\t\t\t\t<div class=\"e-con-inner\">\n\t\t\t\t<div class=\"elementor-element elementor-element-520b35f elementor-widget elementor-widget-heading\" data-id=\"520b35f\" data-element_type=\"widget\" data-widget_type=\"heading.default\">\n\t\t\t\t\t<h2 class=\"elementor-heading-title elementor-size-default\">Mon parcours scolaire <\/h2>\t\t\t\t<\/div>\n\t\t\t\t\t<\/div>\n\t\t\t\t<\/div>\n\t\t<div class=\"elementor-element elementor-element-b30acce e-flex e-con-boxed wpr-particle-no wpr-jarallax-no wpr-parallax-no wpr-sticky-section-no e-con e-parent\" data-id=\"b30acce\" data-element_type=\"container\" data-settings=\"{&quot;background_background&quot;:&quot;classic&quot;}\">\n\t\t\t\t\t<div class=\"e-con-inner\">\n\t\t\t\t<div class=\"elementor-element elementor-element-af4c8b0 wpr-list-style-none elementor-widget elementor-widget-wpr-posts-timeline\" data-id=\"af4c8b0\" data-element_type=\"widget\" data-settings=\"{&quot;animation_offset&quot;:150,&quot;aos_animation_duration&quot;:600}\" data-widget_type=\"wpr-posts-timeline.default\">\n\t\t\t\t\t\n\t\t<div class=\"wpr-wrapper wpr-vertical wpr-centered\">\n\t\t\t<div class=\"wpr-timeline-centered wpr-line wpr-both-sided-timeline\"><div class=\"wpr-middle-line\"><\/div><div class=\"wpr-timeline-fill\" data-layout=\"centered\"><\/div><span class=\"wpr-year-wrap\"><span class=\"wpr-year-label wpr-year\"><\/span><\/span><article class=\"wpr-timeline-entry wpr-left-aligned elementor-repeater-item-41d3016\" data-item-id=\"elementor-repeater-item-41d3016\"><time class=\"wpr-extra-label\" data-aos=\"fade\" data-aos-left=\"\" data-aos-right=\"\" data-animation-offset=\"150\" data-animation-duration=\"600\"><span class=\"wpr-label\">2020-2023<\/span><\/time><div class=\"wpr-timeline-entry-inner\"><div class=\"wpr-main-line-icon wpr-icon\"><i aria-hidden=\"true\" class=\"far fa-flag\"><\/i><\/div><div class=\"wpr-story-info-vertical wpr-data-wrap \"  data-aos=\"fade\" data-aos-left=\"\" data-aos-right=\"\" data-animation-offset=\"150\" data-animation-duration=\"600\"><div class=\"wpr-timeline-content-wrapper\"><div class=\"wpr-content-wrapper\"><div class=\"wpr-title-wrap\"><a href=\"https:\/\/www.google.com\/url?sa=t&#038;source=web&#038;rct=j&#038;opi=89978449&#038;url=https:\/\/www.immac-pau.com\/&#038;ved=2ahUKEwix26mq3NuRAxVYNfsDHZ4gEz4QFnoECBkQAQ&#038;usg=AOvVaw0DYpE2LTTVRsAwS40IaTWS\" target=\"_blank\" rel=\"nofollow\"><span class=\"wpr-title\">Bac G\u00e9n\u00e8ral \u00e0 l&#039;Immacul\u00e9e Conception<\/span><\/a><\/div><div class=\"wpr-description\"><p>J'ai eu un <strong>Baccalaur\u00e8at G\u00e9neral et Europ\u00e9en<\/strong> \u00e0 l'Immacul\u00e9e Conception , un lyc\u00e9e priv\u00e9 situ\u00e9 \u00e0 Pau .\u00a0<\/p><p>Mes sp\u00e9cialit\u00e9s \u00e9taient la <strong>SES<\/strong> ( Sciences Economiques et Sociales ) , <strong>LLCE<\/strong> ( Langues Litt\u00e9ratures et Cultures Etrang\u00e8res ) et l'<strong>HGGSP<\/strong> ( Histoire-G\u00e9ographie , G\u00e9opolitique et Sciences Politiques)<\/p><\/div><\/div><\/div><div class=\"wpr-animation-wrap wpr-timeline-media\"><img loading=\"lazy\" decoding=\"async\" width=\"243\" height=\"208\" src=\"https:\/\/techdeco-tarbes.fr\/2025\/PLESANT\/wp-content\/uploads\/2025\/12\/Sans_titre-removebg-preview13.png\" class=\"attachment-full size-full\" alt=\"\" \/><\/div><\/div>\n\t\t\t\t\t\t<\/div>\n\t\t\t\t<\/article><article class=\"wpr-timeline-entry wpr-right-aligned elementor-repeater-item-12955ca\" data-item-id=\"elementor-repeater-item-12955ca\"><time class=\"wpr-extra-label\" data-aos=\"fade\" data-aos-left=\"\" data-aos-right=\"\" data-animation-offset=\"150\" data-animation-duration=\"600\"><span class=\"wpr-label\">2023-2026<\/span><\/time><div class=\"wpr-timeline-entry-inner\"><div class=\"wpr-main-line-icon wpr-icon\"><i aria-hidden=\"true\" class=\"far fa-paper-plane\"><\/i><\/div><div class=\"wpr-story-info-vertical wpr-data-wrap \"  data-aos=\"fade\" data-aos-left=\"\" data-aos-right=\"\" data-animation-offset=\"150\" data-animation-duration=\"600\"><div class=\"wpr-timeline-content-wrapper\"><div class=\"wpr-content-wrapper\"><div class=\"wpr-title-wrap\"><span class=\"wpr-title\">BUT Techniques de Commercialisation \u00e0 Tarbes<\/span><\/div><div class=\"wpr-description\"><p>A l'IUT de Tarbes , j'\u00e9tudie la <strong>vente<\/strong> , le <strong>marketing<\/strong> et la <strong>communication<\/strong> .\u00a0<\/p><p>Lors de ma seconde ann\u00e9e \u00e0 l'IUT, j'ai choisi la sp\u00e9cialit\u00e9 <strong>Business International<\/strong> ( BIAV ) car j'ai le go\u00fbt pour le secteur de l'international.<\/p><\/div><\/div><\/div><div class=\"wpr-animation-wrap wpr-timeline-media\"><img loading=\"lazy\" decoding=\"async\" width=\"757\" height=\"329\" src=\"https:\/\/techdeco-tarbes.fr\/2025\/PLESANT\/wp-content\/uploads\/2025\/12\/logo-UTTOP-horizontal-RVB-removebg-preview.png\" class=\"attachment-full size-full\" alt=\"\" srcset=\"https:\/\/techdeco-tarbes.fr\/2025\/PLESANT\/wp-content\/uploads\/2025\/12\/logo-UTTOP-horizontal-RVB-removebg-preview.png 757w, https:\/\/techdeco-tarbes.fr\/2025\/PLESANT\/wp-content\/uploads\/2025\/12\/logo-UTTOP-horizontal-RVB-removebg-preview-300x130.png 300w\" sizes=\"(max-width: 757px) 100vw, 757px\" \/><\/div><\/div>\n\t\t\t\t\t\t<\/div>\n\t\t\t\t<\/article><\/div>    \n\t\t\t<\/div>\t\t\t\t<\/div>\n\t\t\t\t\t<\/div>\n\t\t\t\t<\/div>\n\t\t<div class=\"elementor-element elementor-element-477502e e-flex e-con-boxed wpr-particle-no wpr-jarallax-no wpr-parallax-no wpr-sticky-section-no e-con e-parent\" data-id=\"477502e\" data-element_type=\"container\" data-settings=\"{&quot;background_background&quot;:&quot;classic&quot;}\">\n\t\t\t\t\t<div class=\"e-con-inner\">\n\t\t\t\t<div class=\"elementor-element elementor-element-7678bab elementor-widget elementor-widget-heading\" data-id=\"7678bab\" data-element_type=\"widget\" data-widget_type=\"heading.default\">\n\t\t\t\t\t<h2 class=\"elementor-heading-title elementor-size-default\">Contactez-moi <\/h2>\t\t\t\t<\/div>\n\t\t\t\t<div class=\"elementor-element elementor-element-26f7bbd elementor-widget elementor-widget-html\" data-id=\"26f7bbd\" data-element_type=\"widget\" data-widget_type=\"html.default\">\n\t\t\t\t\t<form action=\"mailto:plesanttyara64@hotmail.com\" method=\"post\" enctype=\"text\/plain\">\n  <label for=\"name\">Nom :<\/label><br>\n  <input type=\"text\" id=\"name\" name=\"name\" required><br><br>\n  \n  <label for=\"email\">Email :<\/label><br>\n  <input type=\"email\" id=\"email\" name=\"email\" required><br><br>\n  \n  <label for=\"message\">Message :<\/label><br>\n  <textarea id=\"message\" name=\"message\" rows=\"5\" required><\/textarea><br><br>\n  \n  <input type=\"submit\" value=\"Envoyer\">\n  <input type=\"reset\" value=\"Effacer\">\n<\/form>\t\t\t\t<\/div>\n\t\t\t\t\t<\/div>\n\t\t\t\t<\/div>\n\t\t\t\t<\/div>\n\t\t","protected":false},"excerpt":{"rendered":"<p>Venez en d\u00e9couvrir plus sur moi \u00e0 travers mon portfolio Tyara Plesant Curieuse, motiv\u00e9e et rigoureuse, je vous invite \u00e0 d\u00e9couvrir mon parcours et mes exp\u00e9riences \u00e0 travers ce site. Je suis actuellement en troisi\u00e8me ann\u00e9e de BUT Techniques de Commercialisation, sp\u00e9cialit\u00e9 Business International, avec un fort int\u00e9r\u00eat pour la relation client et les projets \u00e0 dimension internationale Qui suis-je ? Mes centres d&rsquo;int\u00e9r\u00eats Les voyages Le sport automobile La gymnastique Mon parcours scolaire 2020-2023Bac G\u00e9n\u00e8ral \u00e0 l&#039;Immacul\u00e9e Conception J&rsquo;ai eu un Baccalaur\u00e8at G\u00e9neral et Europ\u00e9en \u00e0 l&rsquo;Immacul\u00e9e Conception , un lyc\u00e9e priv\u00e9 situ\u00e9 \u00e0 Pau .\u00a0 Mes sp\u00e9cialit\u00e9s \u00e9taient la SES ( Sciences Economiques et Sociales ) , LLCE ( Langues Litt\u00e9ratures et Cultures Etrang\u00e8res ) et l&rsquo;HGGSP ( Histoire-G\u00e9ographie , G\u00e9opolitique et Sciences Politiques) 2023-2026BUT Techniques de Commercialisation \u00e0 Tarbes A l&rsquo;IUT de Tarbes , j&rsquo;\u00e9tudie la vente , le marketing et la communication .\u00a0 Lors de ma seconde ann\u00e9e \u00e0 l&rsquo;IUT, j&rsquo;ai choisi la sp\u00e9cialit\u00e9 Business International ( BIAV ) car j&rsquo;ai le go\u00fbt pour le secteur de l&rsquo;international. Contactez-moi Nom : Email : Message :<\/p>\n","protected":false},"author":1,"featured_media":0,"parent":0,"menu_order":0,"comment_status":"closed","ping_status":"closed","template":"","meta":{"footnotes":""},"class_list":["post-9","page","type-page","status-publish","hentry"],"_links":{"self":[{"href":"https:\/\/techdeco-tarbes.fr\/2025\/PLESANT\/wp-json\/wp\/v2\/pages\/9","targetHints":{"allow":["GET"]}}],"collection":[{"href":"https:\/\/techdeco-tarbes.fr\/2025\/PLESANT\/wp-json\/wp\/v2\/pages"}],"about":[{"href":"https:\/\/techdeco-tarbes.fr\/2025\/PLESANT\/wp-json\/wp\/v2\/types\/page"}],"author":[{"embeddable":true,"href":"https:\/\/techdeco-tarbes.fr\/2025\/PLESANT\/wp-json\/wp\/v2\/users\/1"}],"replies":[{"embeddable":true,"href":"https:\/\/techdeco-tarbes.fr\/2025\/PLESANT\/wp-json\/wp\/v2\/comments?post=9"}],"version-history":[{"count":106,"href":"https:\/\/techdeco-tarbes.fr\/2025\/PLESANT\/wp-json\/wp\/v2\/pages\/9\/revisions"}],"predecessor-version":[{"id":301,"href":"https:\/\/techdeco-tarbes.fr\/2025\/PLESANT\/wp-json\/wp\/v2\/pages\/9\/revisions\/301"}],"wp:attachment":[{"href":"https:\/\/techdeco-tarbes.fr\/2025\/PLESANT\/wp-json\/wp\/v2\/media?parent=9"}],"curies":[{"name":"wp","href":"https:\/\/api.w.org\/{rel}","templated":true}]}}